 100362?
-100355
In base 4, what is -12120 + 2322?
-3132
In base 14, what is -8 + 11b9?
11b1
In base 11, what is 123304 - 4?
123300
In base 5, what is 20434 - -110?
21044
In base 6, what is 4114014 - 3?
4114011
In base 12, what is -6 - 10861?
-10867
In base 5, what is -3311201 - -1?
-3311200
In base 7, what is 62102 + 4?
62106
In base 15, what is -ec0 + -27d?
-124d
In base 4, what is -33 - 3102021?
-3102120
In base 10, what is 283 + 1532?
1815
In base 2, what is -10000 + -10100000010011?
-10100000100011
In base 7, what is 2 - -436634?
436636
In base 9, what is 5288 + -884?
4304
In base 8, what is 4 + -21561?
-21555
In base 5, what is 13001332 - -10?
13001342
In base 14, what is 17 - 2ba6?
-2b8d
In base 10, what is -1 - 7925?
-7926
In base 12, what is 13595 - 5?
13590
In base 5, what is -323 + -200?
-1023
In base 11, what is a57 + -216?
841
In base 16, what is -7f + -476?
-4f5
In base 7, what is -1135331 - -3?
-1135325
In base 15, what is c840 + 2?
c842
In base 16, what is 7 - 67c4d?
-67c46
In base 14, what is -71 + -4?
-75
In base 11, what is 149143 + 0?
149143
In base 13, what is -6630a + 6?
-66304
In base 12, what is 6106 + -18?
60aa
In base 9, what is 23235 - 44?
23181
In base 2, what is 101 + -1101010111011000100?
-1101010111010111111
In base 12, what is -3 - a974?
-a977
In base 3, what is 10011202122200 + -11?
10011202122112
In base 8, what is 7427 + 2?
7431
In base 2, what is 10110010011000 + 10?
10110010011010
In base 2, what is 10111011010 - 11001?
10111000001
In base 11, what is 339a3 + 4?
339a7
In base 10, what is 72 - -33?
105
In base 8, what is 11472 + 70?
11562
In base 16, what is -7 + -13d1?
-13d8
In base 12, what is -12 + -132636?
-132648
In base 5, what is 30 + 11424?
12004
In base 5, what is -10112 - -23230?
13113
In base 3, what is 22210 + 221021221?
221121201
In base 14, what is -4 + -21a11?
-21a15
In base 9, what is -1468651 + 3?
-1468647
In base 9, what is 201 - -634?
835
In base 10, what is 3 - 94621?
-94618
In base 8, what is -14 + 36106?
36072
In base 13, what is 22 + 20c?
231
In base 8, what is 63 + -3052?
-2767
In base 12, what is 89822 + b?
89831
In base 9, what is -33 + -65341?
-65374
In base 6, what is -432500 - 1?
-432501
In base 3, what is -100 - -22?
-1
In base 8, what is -3 + 703470?
703465
In base 4, what is -11 + 2121?
2110
In base 15, what is -4 - -14096?
14092
In base 7, what is 161413 - -10?
161423
In base 14, what is 2911b - 4?
29117
In base 2, what is -101 + 11001110111001001?
11001110111000100
In base 4, what is -100222 - 13?
-100301
In base 5, what is -1312 + 4?
-1303
In base 12, what is 239570 - 0?
239570
In base 10, what is -112 - -45?
-67
In base 13, what is 691 - a?
684
In base 11, what is 3 + 27a7?
27aa
In base 16, what is 13 - -214?
227
In base 14, what is 12245 - -65?
122aa
In base 15, what is 49506 - 5?
49501
In base 5, what is 13211104 + 10?
13211114
In base 3, what is 11121100 - 121?
11120202
In base 10, what is -5094 - 50?
-5144
In base 15, what is -3c0eb8 - 1?
-3c0eb9
In base 6, what is -24 - -132452?
132424
In base 6, what is 1011243 - -13?
1011300
In base 16, what is fe - 375?
-277
In base 14, what is 10607 + -3?
10604
In base 16, what is -44 + -9d7?
-a1b
In base 5, what is 1 + 34420410?
34420411
In base 9, what is -20 - 613?
-633
In base 8, what is -2653136 - 2?
-2653140
In base 12, what is -b3 - -3b7?
304
In base 2, what is 1010110 - 1000100111?
-111010001
In base 11, what is -a + -513a3?
-51402
In base 7, what is 1 + 2201652?
2201653
In base 9, what is 3 + 30460?
30463
In base 5, what is 30023 - 1001?
24022
In base 11, what is -85973 - 8?
-85980
In base 3, what is -12111 - 22211?
-112022
In base 7, what is -4534642 - 3?
-4534645
In base 4, what is -32 - 1213330?
-1220022
In base 5, what is 410 - -22241?
23201
In base 15, what is e + -29b16?
-29b07
In base 8, what is 1757 + -23?
1734
In base 6, what is 3 - 10112523?
-10112520
In base 14, what is -254 - 1b0?
-424
In base 6, what is 4 + 45214?
45222
In base 15, what is 3 + -a0bb?
-a0b8
In base 10, what is -13644 + -10?
-13654
In base 11, what is -3a9 - 950?
-1249
In base 12, what is 277 - -346?
601
In base 10, what is 407 + 76?
483
In base 10, what is 3308 + -19?
3289
In base 11, what is -909688 + 3?
-909685
In base 9, what is -314 - -11521?
11206
In base 15, what is -37d - 6b?
-3e9
In base 2, what is -1100000101000000 + -111?
-1100000101000111
In base 10, what is -5 + -9537?
-9542
In base 12, what is -bb558 + -3?
-bb55b
In base 3, what is 1102020022 - 202?
1102012120
In base 7, what is 215163 - 6?
215154
In base 7, what is 4 - 5664246?
-5664242
In base 8, what is -334627 - 4?
-334633
In base 16, what is 51f - 11?
50e
In base 10, what is -188 + 2408?
2220
In base 16, what is 15c4f + -1?
15c4e
In base 11, what is 30349 - 6?
30343
In base 11, what is -5115 + -17?
-5131
In base 16, what is -6f + e43?
dd4
In base 2, what is -100000 + -1111101100101?
-1111110000101
In base 7, what is -335 + 16345?
16010
In base 3, what is 21022212 + 1200?
21101112
In base 7, what is -506 + -2443?
-3252
In base 3, what is -2111 - 11221012?
-12000200
In base 15, what is -5 - 1a682?
-1a687
In base 15, what is -17d + 3?
-17a
In base 10, what is 2960 + -6?
2954
In base 5, what is -30 + 2142402?
2142322
In base 3, what is -20022100 + -22202?
-20122002
In base 5, what is -14100 - -22102?
3002
In base 6, what is 5 + 2342?
2351
In base 9, what is 2407 - 301?
2106
In base 14, what is a72c + 2?
a730
In base 6, what is -1155 - 103?
-1302
In base 16, what is -3 - d622?
-d625
In base 5, what is 3 + -1403121?
-1403113
In base 11, what is 230 + 3984?
4104
In base 12, what is 6 - a5a1?
-a597
In base 15, what is 28 + 22c95?
22cbd
In base 3, what is 101001010 + -1112?
100222121
In base 2, what is -1000011010101110 + -100010?
-1000011011010000
In base 2, what is -101100110000 + -110?
-101100110110
In base 9, what is -76 - -11307?
11221
In base 13, what is 829c - 10?
828c
In base 15, what is -a - -2e29b?
2e291
In base 7, what is 131 + -45014?
-44553
In base 11, what is 2799 - -119?
2907
In base 14, what is -448b - -78?
-4413
In base 14, what is -1c575 + b?
-1c568
In base 9, what is 271 + -145?
125
In base 2, what is -11011000100011011001 + 1101?
-11011000100011001100
In base 10, what is 11 + -236923?
-236912
In base 11, what is -55 - -10a61?
10a07
In base 2, what is -11100 + 1001111100010?
1001111000110
In base 12, what is 5 - 5358?
-5353
In base 16, what is 5a2 + 31?
5d3
In base 7, what is 46224 + -1?
46223
In base 15, what is 5e7 - d?
5d9
In base 13, what is -88 + 124?
69
In base 6, what is 105201 - -12?
105213
In base 11, what is 54 - 234?
-190
In base 13, what is 57c3 + -b7?
5709
In base 4, what is 3023 + -33312?
-30223
In base 2, what is 1101111001001 - -11100001?
1110010101010
In base 2, what is -110110110110 + 10010110?
-110100100000
In base 14, what is -1a5 - -190?
-15
In base 15, what is b3e2 - 0?
b3e2
In base 16, what is d + 19264?
19271
In base 6, what is 104 - -23220?
23324
In base 2, what is 1111101110 + -1000010?
1110101100
In base 15, what is 6e1 - 4?
6dc
In base 11, what is 17150 + 1?
17151
In base 12, what is 8b0ab + -1?
8b0aa
In base 13, what is 6c - -6b?
10a
In base 12, what is 2387 + -1a4?
21a3
In base 12, what is 1004 + -27?
b99
In base 3, what is 2 + -101002001?
-101001222
In base 14, what is 1790c - 11?
178db
In base 2, what is 1010100111000010 + 10?
1010100111000100
In base 14, what is -b0 - 5a?
-12a
In base 9, what is 175 - -2?
177
In base 13, what is -1 - 1b017?
-1b018
In base 8, what is -20 + 541216?
541176
In base 3, what is -12 - -2112211221?
2112211202
In base 7, what is -121166561 + 1?
-121166560
In base 6, what is -2003035 - 5?
-2003044
In base 14, what is -2 + -7bd64?
-7bd66
In base 5, what is 344 + 20044?
20443
In base 16, what is 88 - 38bc?
-3834
In base 11, what is -8a747 + 0?
-8a747
In base 4, what is -11 - 301100011?
-301100022
In base 15, what is 3c + 8467?
84a4
In base 2, what is 11 - -101000011111010?
101000011111101
In base 10, what is 5 - -26641?
26646
In base 7, what is -350 + 2635?
2255
In base 3, what is -10120 - -2001?
-1112
In base 11, what is -11336 + -10?
-11346
In base 14, what is 39682 - 13?
3966d
In base 3, what is 212010011222 - 0?
212010011222
In base 11, what is 1021a9 + 0?
1021a9
In base 13, what is -5 + -438b8?
-438c0
